et l = 55 - 125. Let k = -39 - l. What is the units digit of k?
1
Let m(n) = -n**3 + 12*n**2 + 6*n + 14. What is the units digit of m(12)?
6
Let x(m) = m**2 - m. Let h(a) = 3*a**2 + 4*a - 4. Let c(v) = -h(v) + 2*x(v). What is the units digit of c(-6)?
4
Let v(h) = -4*h**3 - 2*h**2 + h. What is the tens digit of v(-2)?
2
Suppose 0 = 3*a + 4*m - 885, 4*a - 2*a - 2*m = 604. What is the units digit of a?
9
Let j be -4*1*6/(-2). Suppose 2*u + 2*s - 11 + 3 = 0, 0 = -2*u + 2*s + j. Suppose 5*y - 10 = -0*x - 2*x, -u*x = -5*y + 45. What is the units digit of y?
4
Let o be -2 + -10 + (-6)/(-2). Let g(a) = -2*a - 4. Let x be g(o). Let i = -3 + x. What is the units digit of i?
1
Let i(x) = x**3 + 7*x**2 + 6*x - 1. Let f be i(-6). Let k = f + 16. What is the tens digit of k?
1
Let y = -3 + 6. Suppose -k = -5 - y. What is the units digit of k?
8
Suppose -v + 2*v - 59 = 0. What is the tens digit of v?
5
Suppose -62 = 5*w - 652. What is the hundreds digit of w?
1
Suppose 0 = -2*v - 4*t + 16, -v = 4*t - 11 - 3. Suppose -2*s = -3*z + 4, 3*z + s - 24 = -v*z. Suppose -5*j = -z*j - 6. What is the units digit of j?
6
Let q = -6 - -10. Suppose 3*c - 40 = -q*x, -3*c - 9 = x - 4*x. What is the units digit of x?
7
Suppose 0 = 4*c - 5*c - 6. What is the units digit of 6/(-4)*c/9?
1
Suppose 0*q - 20 = -4*q. Suppose -m + q*m = 4. Suppose -n + m = -4. What is the units digit of n?
5
Let y(s) = 3*s - 3*s + 4*s - 2 - 2*s. Let g be y(-4). Let k = 11 - g. What is the units digit of k?
1
Let a(u) = 11*u**2. Suppose 3*l = 3*i + 6, -3*l = -4*i - 1 - 6. Let q be a(l). Let r = 24 - q. What is the units digit of r?
3
Let w be (-6)/((1 - 3) + 0). Suppose -2 = -2*v + w*f, 4*v + v = 4*f + 12. Suppose v*j - 5*x - 23 = 0, -4*x - 15 + 47 = 4*j. What is the units digit of j?
7
Suppose 9 - 1 = 2*d. Suppose -2*g + 0*g - 16 = -2*r, g = d*r - 20. What is the units digit of r?
4
Let x(d) = d**3 + 9*d**2 + 6*d - 11. Let k = 5 - 10. Let p(q) = -q**3 - 4*q**2 + 8*q + 7. Let a be p(k). What is the units digit of x(a)?
5
Let h = -3 - -5. Suppose h*u + 0*u + 46 = 2*f, -2*f + 3*u + 45 = 0. What is the units digit of f?
4
Let v(a) = a. Let g be v(-6). Let d(z) = -z**2 - 7*z + 2. What is the units digit of d(g)?
8
Suppose j + 3*i - 9 = 0, 62 = 4*j - 0*j - i. Suppose -2*t + 2 = a, 8*t - j = 3*t. What is the tens digit of -5*a*(-3)/(-5)?
1
Let n be (-2 + 4 - 2) + 5. Suppose 4*b = -0*b - 60. What is the units digit of 44/n + (-3)/b?
9
Suppose -6*i = -2*t - i + 40, -3*t - 3*i + 18 = 0. Let g = t - -5. What is the tens digit of g?
1
Let p(j) = -j + 2. Let t be p(5). Let k be (0 - 1)/(t/12). Suppose 2 = k*l - 6. What is the units digit of l?
2
What is the units digit of ((-228)/36)/(1/(-30))?
0
What is the tens digit of (-419)/(-6) + 9/54?
7
Let d(c) = -5*c - 6. Let l(a) = -6*a - 7. Let y(u) = -5*d(u) + 4*l(u). Let v be y(0). Let o = v - -12. What is the tens digit of o?
1
Suppose -4*r + 0 = 2*b - 4, -4*r + 5*b + 32 = 0. Suppose g = r - 2. What is the units digit of g?
1
Let k be (4/7)/((-10)/(-35)). Suppose 0 = -m - k*m + 48. What is the tens digit of m?
1
Suppose -2*t - 3*t = -30. What is the tens digit of 51/t*(4 - 2)?
1
Let k(r) = 15*r**3 + r**2 - 3*r + 1. What is the units digit of k(2)?
9
Let u(n) = -4*n - 2. Let y be u(-2). Let f = 1 - 1. Suppose -y + f = -2*d. What is the units digit of d?
3
Suppose 0*h + 2*h - 24 = 0. Let g = -8 + h. What is the units digit of g?
4
Let q(u) = -9*u - 3. Let j be q(-4). Let i = -21 + j. What is the units digit of i?
2
Suppose -3*d - 15 = 3*h + 9, -h + 34 = -5*d. Suppose 4*q - 27 = q - 4*v, 0 = 2*q - 2*v - 18. Let f = d + q. What is the units digit of f?
2
What is the tens digit of ((-44)/(-66))/(2/72)?
2
Suppose 2*l + 4 = 2*a, 0*l + 4*l = -a + 12. What is the units digit of l/8 - 3/(-4)?
1
Suppose 0 = -2*g + g + 42. Suppose -s = 5*q - g, -2*q + 228 = 4*s + 3*q. Suppose -5*b - 2*m = -3*m - s, -3*b - 5*m = -54. What is the units digit of b?
3
Suppose 2*q = 402 - 62. What is the tens digit of q?
7
What is the units digit of -1 - (3 - (3 - -3)) - -219?
1
Suppose -5*c + 7 = -3. Suppose -c*g + 6*g = 16. Suppose g*p + 4 = 0, -4*w + 6 = -5*p - 7. What is the units digit of w?
2
Let b(y) = -y**3 + 10*y**2 + 13*y - 16. What is the units digit of b(11)?
6
Suppose -7*j + 696 = -3*j. What is the units digit of j?
4
Let l be 123/(-2) - 1/(-2). Let y = -36 - l. What is the units digit of y?
5
Let x(g) = -g**3 - g**2 - 2*g - 2. Let c be x(-2). Let n(d) = -d + c*d - 2*d + 2. What is the units digit of n(2)?
8
Let x be (-33)/(-5) - 10/(-25). Suppose -13 = -4*d + x. Suppose -2*o + 11 - d = 0. What is the units digit of o?
3
Suppose 3*f = 2 + 19. Let r = -1 + 6. Suppose f - 62 = -r*t. What is the tens digit of t?
1
Let v(b) = -b - 3. Let h be v(-3). Suppose 0 = -2*y - h*y + 18. Suppose -3*l = -y - 3. What is the units digit of l?
4
Let g = 1037 + -606. What is the hundreds digit of g?
4
Suppose 2*p - u = -2*u + 58, -5*p = 3*u - 145. What is the units digit of p?
9
Let t(r) = -3*r - 3. Let m be t(-2). Suppose -m*y + 2 = -5*y. What is the units digit of (2/y - -1)/(-1)?
1
Let n(d) = d**2 - 4*d. Let r be n(4). Suppose 0*k - 4 = -4*k. What is the units digit of 3/(-6)*r + k?
1
Let q(k) be the first derivative of k**3/3 + k**2 + 10*k + 5. What is the units digit of q(5)?
5
Suppose 4 = -3*j - 5, 2*n = -4*j + 70. What is the tens digit of n?
4
Suppose -5*r = 4*q - 1328, 2*r + 0*r - 518 = 5*q. What is the tens digit of r?
6
Suppose -4*c + 2*c + 52 = 0. What is the units digit of c?
6
What is the units digit of (36/10)/((-6)/(-75))?
5
Let o(d) = -2*d - 12. Suppose 56 + 4 = -5*g. Let n = 2 + g. What is the units digit of o(n)?
8
Let h be (1 + 1)*(11 + -2). Let g(o) = -o**2 - 6*o + 2. Let k be g(-3). Let y = h - k. What is the units digit of y?
7
Let p(u) = u**3 + u**2 + u + 2. Let m be p(0). Suppose -12 = -a + h, 4*a - 19 = m*h + 19. What is the units digit of a?
7
Suppose 2*z = 4, 4*z - 2 = 6*g - 3*g. Suppose 1 - 17 = -g*b. What is the units digit of b?
8
Suppose -2*z = -2*t + 32, z = -5*t - 4*z + 130. What is the units digit of t?
1
What is the hundreds digit of (5 - 9)*1 - -129?
1
Suppose 6 = 9*f - 7*f. Suppose 0*r - f*r = -15. Let p(g) = 2*g + 5. What is the tens digit of p(r)?
1
Suppose 146 = 9*v + 29. What is the tens digit of v?
1
What is the units digit of (-3 + 159/12)*4?
1
Suppose -2*k + 4*k = 8. Suppose k*n = n - 9, 5*f = 4*n + 77. What is the units digit of f?
3
What is the tens digit of ((-138)/8)/(33/(-88))?
4
Suppose 5*o - 30 = m - 4*m, -3*m - 4*o = -27. Suppose -m*s - 2 = 3. What is the units digit of (-1)/1 - (-16 + s)?
6
Suppose 2*b = 2*n - 110, -5*n + 4*b + 167 = -2*n. Let t = -31 + n. What is the units digit of t?
2
Suppose -21 = 5*h - 111. What is the units digit of h?
8
What is the tens digit of (18/(-15))/((-12)/800)?
8
Suppose -80 = -0*x - 4*x. What is the units digit of x?
0
Let v(a) = -2*a - 4. Let n be v(-3). Let b(z) = 4*z**2 - 4*z + 2. What is the tens digit of b(n)?
1
Let u(x) = 7*x**2 - 3 - 7*x + 10 + 0 - x**3. Let h = 11 - 5. What is the units digit of u(h)?
1
Suppose l - 164 = 5*l. Let t = -28 - l. What is the units digit of t?
3
Suppose 0 = 13*h - 5*h - 1088. What is the hundreds digit of h?
1
Suppose 2*u - 5*y - 42 = 0, -1 = y + 1. Let d = -10 + u. What is the units digit of d?
6
Let h(n) = 4*n. Suppose 2*z + 2*f = 30, 31 = 5*z + 4*f - 39. Let b be h(z). Suppose -4 = 4*y - b. What is the units digit of y?
9
Suppose -g - 5*d + 12 = 3*g, 2*g - 3*d + 16 = 0. Let m = g - -4. What is the units digit of m?
2
Suppose 0 = -2*y + 4*q + 208, 0*y + 3*y = -2*q + 304. What is the units digit of y?
2
Suppose 12*t = 196 + 128. What is the tens digit of t?
2
Let o(c) = c**3 - 5*c**2 + 4*c. Let i be 4/(-14) - (-60)/14. Let f be o(i). Suppose -5*n - 4*m + f*m + 14 = 0, 3*m = 3*n - 30. What is the units digit of n?
6
What is the units digit of (5/((-20)/(-6)))/(2/12)?
9
Let q(u) = u - 3*u - 3 + u. Let z be q(-4). What is the units digit of (104/(-16))/(z/(-2))?
3
Let g(z) = -2*z**2 + 3*z**2 + 0*z**2 + 3 - 7 + 2*z. What is the units digit of g(-4)?
4
Suppose -3*m + 20 = -34. What is the units digit of m?
8
Let r(s) = 5*s - 3. Let k(l) = 2*l - 1. Let g(i) = 9*k(i) - 4*r(i). What is the units digit of g(-4)?
1
Let i be (-6)/3 - (3 - 4). What is the units digit of 24/(-4 + 1)*i?
8
